{"id":125,"date":"2019-05-20T11:38:48","date_gmt":"2019-05-20T09:38:48","guid":{"rendered":"http:\/\/nicotondeur.fr\/?page_id=125"},"modified":"2023-09-07T14:16:32","modified_gmt":"2023-09-07T12:16:32","slug":"les-serious-games","status":"publish","type":"page","link":"https:\/\/nicotondeur.fr\/index.php\/les-serious-games\/","title":{"rendered":"Les Serious Games"},"content":{"rendered":"\n<p>Voici une liste des Serious Games disponibles sur ce site:<\/p>\n\n\n\n<h2 class=\"wp-block-heading\">Point de vue<\/h2>\n\n\n\n<p><\/p>\n\n\n\n<p>L&rsquo;article d\u00e9crivant l&rsquo;outil: <a href=\"http:\/\/nicotondeur.fr\/index.php\/2019\/04\/05\/point-de-vue-le-serious-game\/\">http:\/\/nicotondeur.fr\/index.php\/2019\/04\/05\/point-de-vue-le-serious-game\/<\/a><\/p>\n\n\n\n<div class=\"wp-block-file\"><a id=\"wp-block-file--media-9fb382ce-cb47-4ab8-8573-01af20a270a1\" href=\"http:\/\/nicotondeur.fr\/wp-content\/uploads\/2019\/04\/PointDeVue_V1.01.pdf\">Les cartes: PointDeVue_V1.01<\/a><a href=\"http:\/\/nicotondeur.fr\/wp-content\/uploads\/2019\/04\/PointDeVue_V1.01.pdf\" class=\"wp-block-file__button wp-element-button\" download aria-describedby=\"wp-block-file--media-9fb382ce-cb47-4ab8-8573-01af20a270a1\">Download<\/a><\/div>\n\n\n\n<h2 class=\"wp-block-heading\">LegoVision<\/h2>\n\n\n\n<p><\/p>\n\n\n\n<p>L&rsquo;article de blog: <a href=\"http:\/\/nicotondeur.fr\/index.php\/2019\/05\/20\/legovision-le-serious-game\/\">http:\/\/nicotondeur.fr\/index.php\/2019\/05\/20\/legovision-le-serious-game\/<\/a><\/p>\n\n\n\n<div class=\"wp-block-file\"><a id=\"wp-block-file--media-896b4363-e8a4-4477-b4ab-e2c457647e13\" href=\"http:\/\/nicotondeur.fr\/wp-content\/uploads\/2019\/05\/LegoVision-1.pdf\">Le PDF: LegoVision<\/a><a href=\"http:\/\/nicotondeur.fr\/wp-content\/uploads\/2019\/05\/LegoVision-1.pdf\" class=\"wp-block-file__button wp-element-button\" download aria-describedby=\"wp-block-file--media-896b4363-e8a4-4477-b4ab-e2c457647e13\">Download<\/a><\/div>\n\n\n\n<div class=\"wp-block-file\"><a id=\"wp-block-file--media-6b4c6dbf-60a6-4b8d-8b58-129e02986615\" href=\"http:\/\/nicotondeur.fr\/wp-content\/uploads\/2019\/05\/LegoVision.xlsx\">Le fichier Excel: LegoVision<\/a><a href=\"http:\/\/nicotondeur.fr\/wp-content\/uploads\/2019\/05\/LegoVision.xlsx\" class=\"wp-block-file__button wp-element-button\" download aria-describedby=\"wp-block-file--media-6b4c6dbf-60a6-4b8d-8b58-129e02986615\">Download<\/a><\/div>\n\n\n\n<h2 class=\"wp-block-heading\">Stressss!!!<\/h2>\n\n\n\n<p><\/p>\n\n\n\n<p>L&rsquo;article de blog: <a href=\"http:\/\/nicotondeur.fr\/index.php\/2019\/06\/21\/stressss\/\">http:\/\/nicotondeur.fr\/index.php\/2019\/06\/21\/stressss\/<\/a><\/p>\n\n\n\n<div class=\"wp-block-file\"><a id=\"wp-block-file--media-4a54d13d-4302-4de1-a066-2c1be4f76b23\" href=\"http:\/\/nicotondeur.fr\/wp-content\/uploads\/2020\/03\/Stressss_VersionCC.pdf\">Le PDF: Stressss_VersionCC<\/a><a href=\"http:\/\/nicotondeur.fr\/wp-content\/uploads\/2020\/03\/Stressss_VersionCC.pdf\" class=\"wp-block-file__button wp-element-button\" download aria-describedby=\"wp-block-file--media-4a54d13d-4302-4de1-a066-2c1be4f76b23\">Download<\/a><\/div>\n\n\n\n<div class=\"wp-block-file\"><a id=\"wp-block-file--media-c9aae536-526d-491a-b4e7-a5b79ddee31f\" href=\"http:\/\/nicotondeur.fr\/wp-content\/uploads\/2019\/06\/StressssTableauDePointsNeutre.pptx\">Le Tableau de Scores: StressssTableauDePointsNeutre<\/a><a href=\"http:\/\/nicotondeur.fr\/wp-content\/uploads\/2019\/06\/StressssTableauDePointsNeutre.pptx\" class=\"wp-block-file__button wp-element-button\" download aria-describedby=\"wp-block-file--media-c9aae536-526d-491a-b4e7-a5b79ddee31f\">Download<\/a><\/div>\n\n\n\n<h2 class=\"wp-block-heading\">Stressss!!! V2.0<\/h2>\n\n\n\n<p><\/p>\n\n\n\n<p>L&rsquo;article de blog: <a href=\"https:\/\/nicotondeur.fr\/index.php\/2021\/02\/09\/stressss-v2-0-en-creative-commons\/\" data-type=\"post\" data-id=\"609\">Stressss!!! V2.0 en Creative Commons<\/a><\/p>\n\n\n\n<div class=\"wp-block-file\"><a id=\"wp-block-file--media-4f492d60-1631-4a45-93bd-22b6e3ade43f\" href=\"https:\/\/nicotondeur.fr\/wp-content\/uploads\/2021\/01\/StressssV2.0_VersionCC.pdf\">Le PDF : StressssV2.0_VersionCC<\/a><a href=\"https:\/\/nicotondeur.fr\/wp-content\/uploads\/2021\/01\/StressssV2.0_VersionCC.pdf\" class=\"wp-block-file__button wp-element-button\" download aria-describedby=\"wp-block-file--media-4f492d60-1631-4a45-93bd-22b6e3ade43f\">T\u00e9l\u00e9charger<\/a><\/div>\n\n\n\n<h2 class=\"wp-block-heading\">Cupcake Story<\/h2>\n\n\n\n<p><\/p>\n\n\n\n<p>L&rsquo;article de blog: <a href=\"http:\/\/nicotondeur.fr\/index.php\/2019\/10\/17\/cupcake-story\/\">http:\/\/nicotondeur.fr\/index.php\/2019\/10\/17\/cupcake-story\/<\/a><\/p>\n\n\n\n<h2 class=\"wp-block-heading\">Roule Ta Bille<\/h2>\n\n\n\n<p>L&rsquo;article de blog: <a href=\"http:\/\/nicotondeur.fr\/index.php\/2019\/10\/24\/route-ta-bille\/\">http:\/\/nicotondeur.fr\/index.php\/2019\/10\/24\/route-ta-bille\/<\/a><\/p>\n\n\n\n<div class=\"wp-block-file\"><a id=\"wp-block-file--media-8ae099c1-9069-421a-bab3-ad6d51697133\" href=\"http:\/\/nicotondeur.fr\/wp-content\/uploads\/2019\/10\/RouleTaBille-V1.0.pdf\">Le PDF: RouleTaBille-V1.0<\/a><a href=\"http:\/\/nicotondeur.fr\/wp-content\/uploads\/2019\/10\/RouleTaBille-V1.0.pdf\" class=\"wp-block-file__button wp-element-button\" download aria-describedby=\"wp-block-file--media-8ae099c1-9069-421a-bab3-ad6d51697133\">Download<\/a><\/div>\n\n\n\n<div class=\"wp-block-file\"><a id=\"wp-block-file--media-3c6f2fa3-1cb3-4948-ad12-a60bf5bab823\" href=\"https:\/\/nicotondeur.fr\/wp-content\/uploads\/2023\/09\/RouleTaBille-V1.02-FR-EN.pdf\">RouleTaBille-V1.02-FR-EN<\/a><a href=\"https:\/\/nicotondeur.fr\/wp-content\/uploads\/2023\/09\/RouleTaBille-V1.02-FR-EN.pdf\" class=\"wp-block-file__button wp-element-button\" download aria-describedby=\"wp-block-file--media-3c6f2fa3-1cb3-4948-ad12-a60bf5bab823\">T\u00e9l\u00e9charger<\/a><\/div>\n\n\n\n<h2 class=\"wp-block-heading\">Happy Salmon G\u00e9ant<\/h2>\n\n\n\n<p><\/p>\n\n\n\n<p>L&rsquo;article de blog: <a href=\"http:\/\/nicotondeur.fr\/index.php\/2019\/11\/21\/happy-salmon-geant\/\">http:\/\/nicotondeur.fr\/index.php\/2019\/11\/21\/happy-salmon-geant\/<\/a><\/p>\n\n\n\n<div class=\"wp-block-file\"><a id=\"wp-block-file--media-39a928cb-6b64-4ba9-bf02-909587773779\" href=\"http:\/\/nicotondeur.fr\/wp-content\/uploads\/2019\/11\/Happy-Salmon-Geant.pdf\">Le PDF: Happy-Salmon-Geant<\/a><a href=\"http:\/\/nicotondeur.fr\/wp-content\/uploads\/2019\/11\/Happy-Salmon-Geant.pdf\" class=\"wp-block-file__button wp-element-button\" download aria-describedby=\"wp-block-file--media-39a928cb-6b64-4ba9-bf02-909587773779\">Download<\/a><\/div>\n\n\n\n<h2 class=\"wp-block-heading\">Agile Para Dice<\/h2>\n\n\n\n<div class=\"wp-block-file\"><a id=\"wp-block-file--media-08b45dc7-1337-4ef5-9ce8-7a59c9229dd7\" href=\"http:\/\/nicotondeur.fr\/wp-content\/uploads\/2020\/01\/Agile-Para-Dice-V0.01.pdf\">Le PDF en Francais : Agile-Para-Dice-V0.01<\/a><a href=\"http:\/\/nicotondeur.fr\/wp-content\/uploads\/2020\/01\/Agile-Para-Dice-V0.01.pdf\" class=\"wp-block-file__button wp-element-button\" download aria-describedby=\"wp-block-file--media-08b45dc7-1337-4ef5-9ce8-7a59c9229dd7\">Download<\/a><\/div>\n\n\n\n<div class=\"wp-block-file\"><a id=\"wp-block-file--media-80bc4248-df22-46d4-bb86-e447667dfea8\" href=\"blob:http:\/\/nicotondeur.fr\/aedb8029-3791-4aaf-aeda-ce678c3ab779\">Le PDF en Anglais : Agile-Para-Dice-V0.01<\/a><a href=\"blob:http:\/\/nicotondeur.fr\/aedb8029-3791-4aaf-aeda-ce678c3ab779\" class=\"wp-block-file__button wp-element-button\" download aria-describedby=\"wp-block-file--media-80bc4248-df22-46d4-bb86-e447667dfea8\">Download<\/a><\/div>\n\n\n\n<h2 class=\"wp-block-heading\">Gemb&rsquo;Activ<\/h2>\n\n\n\n<p><\/p>\n\n\n\n<p>L&rsquo;article de blog: <a href=\"https:\/\/nicotondeur.fr\/index.php\/2020\/02\/05\/gembactiv\/\" data-type=\"post\" data-id=\"347\">Gemb\u2019activ<\/a><\/p>\n\n\n\n<div class=\"wp-block-file\"><a id=\"wp-block-file--media-aa01b57f-fab0-49fe-93ce-8af6c2fd0d8d\" href=\"https:\/\/nicotondeur.fr\/wp-content\/uploads\/2020\/02\/Gemb-Activ-cc-fr.pdf\">La version Francaise : Gemb-Activ-cc-fr<\/a><a href=\"https:\/\/nicotondeur.fr\/wp-content\/uploads\/2020\/02\/Gemb-Activ-cc-fr.pdf\" class=\"wp-block-file__button wp-element-button\" download aria-describedby=\"wp-block-file--media-aa01b57f-fab0-49fe-93ce-8af6c2fd0d8d\">T\u00e9l\u00e9charger<\/a><\/div>\n\n\n\n<div class=\"wp-block-file\"><a id=\"wp-block-file--media-b03228a2-286b-4093-aa75-3aaee8ea0a37\" href=\"https:\/\/nicotondeur.fr\/wp-content\/uploads\/2020\/02\/Gemb-Activ-cc-en.pdf\">La version Anglaise: Gemb-Activ-cc-en<\/a><a href=\"https:\/\/nicotondeur.fr\/wp-content\/uploads\/2020\/02\/Gemb-Activ-cc-en.pdf\" class=\"wp-block-file__button wp-element-button\" download aria-describedby=\"wp-block-file--media-b03228a2-286b-4093-aa75-3aaee8ea0a37\">T\u00e9l\u00e9charger<\/a><\/div>\n\n\n\n<h2 class=\"wp-block-heading\">Buy you future<\/h2>\n\n\n\n<p><\/p>\n\n\n\n<p>L&rsquo;article de blog: <a href=\"https:\/\/nicotondeur.fr\/index.php\/2021\/01\/14\/buy-your-future\/\" data-type=\"post\" data-id=\"539\">Buy your future<\/a><\/p>\n\n\n\n<div class=\"wp-block-file\"><a id=\"wp-block-file--media-9b4e7bdd-5f30-4143-900d-c0d88151df2d\" href=\"https:\/\/nicotondeur.fr\/wp-content\/uploads\/2021\/01\/BuyYourFutureNoticeV1.0.pdf\">Le PDF : BuyYourFutureNoticeV1.0<\/a><a href=\"https:\/\/nicotondeur.fr\/wp-content\/uploads\/2021\/01\/BuyYourFutureNoticeV1.0.pdf\" class=\"wp-block-file__button wp-element-button\" download aria-describedby=\"wp-block-file--media-9b4e7bdd-5f30-4143-900d-c0d88151df2d\">T\u00e9l\u00e9charger<\/a><\/div>\n","protected":false},"excerpt":{"rendered":"<p>Voici une liste des Serious Games disponibles sur ce site: Point de vue L&rsquo;article d\u00e9crivant l&rsquo;outil: http:\/\/nicotondeur.fr\/index.php\/2019\/04\/05\/point-de-vue-le-serious-game\/ LegoVision L&rsquo;article de blog: http:\/\/nicotondeur.fr\/index.php\/2019\/05\/20\/legovision-le-serious-game\/ Stressss!!! L&rsquo;article de blog: http:\/\/nicotondeur.fr\/index.php\/2019\/06\/21\/stressss\/ Stressss!!! V2.0 L&rsquo;article de blog: Stressss!!! V2.0 en Creative Commons Cupcake Story L&rsquo;article de blog: http:\/\/nicotondeur.fr\/index.php\/2019\/10\/17\/cupcake-story\/ Roule Ta Bille L&rsquo;article de blog: http:\/\/nicotondeur.fr\/index.php\/2019\/10\/24\/route-ta-bille\/ Happy Salmon G\u00e9ant L&rsquo;article de [&hellip;]<\/p>\n","protected":false},"author":1,"featured_media":0,"parent":0,"menu_order":0,"comment_status":"closed","ping_status":"closed","template":"","meta":{"jetpack_post_was_ever_published":false,"footnotes":""},"class_list":["post-125","page","type-page","status-publish","hentry"],"jetpack_sharing_enabled":true,"jetpack_shortlink":"https:\/\/wp.me\/PaJKjz-21","jetpack-related-posts":[{"id":10,"url":"https:\/\/nicotondeur.fr\/index.php\/a-propos-de\/","url_meta":{"origin":125,"position":0},"title":"\u00c0 propos de Nico","author":"Nico Tondeur","date":"20 f\u00e9vrier 2019","format":false,"excerpt":"Agiliste convaincu, Animateur\/Cr\u00e9ateur de Serious Games, j'accompagne actuellement l'alignement strat\u00e9gique humain pour Techsys et pour ses clients. J'anime la communaut\u00e9 Hacoeur (Humains au Coeur) et le site hacoeur.fr . Membre du bureau de NordAgile, j'aide \u00e0 l'animation de la communaut\u00e9 agile et serious gameuse de Lille. J'ai rejoins en 2024\u2026","rel":"","context":"Article similaire","block_context":{"text":"Article similaire","link":""},"img":{"alt_text":"","src":"https:\/\/i0.wp.com\/nicotondeur.fr\/wp-content\/uploads\/2019\/02\/sandwich.jpg?fit=1200%2C720&ssl=1&resize=350%2C200","width":350,"height":200,"srcset":"https:\/\/i0.wp.com\/nicotondeur.fr\/wp-content\/uploads\/2019\/02\/sandwich.jpg?fit=1200%2C720&ssl=1&resize=350%2C200 1x, https:\/\/i0.wp.com\/nicotondeur.fr\/wp-content\/uploads\/2019\/02\/sandwich.jpg?fit=1200%2C720&ssl=1&resize=525%2C300 1.5x, https:\/\/i0.wp.com\/nicotondeur.fr\/wp-content\/uploads\/2019\/02\/sandwich.jpg?fit=1200%2C720&ssl=1&resize=700%2C400 2x, https:\/\/i0.wp.com\/nicotondeur.fr\/wp-content\/uploads\/2019\/02\/sandwich.jpg?fit=1200%2C720&ssl=1&resize=1050%2C600 3x"},"classes":[]},{"id":298,"url":"https:\/\/nicotondeur.fr\/index.php\/les-videos-qui-minspirent\/","url_meta":{"origin":125,"position":1},"title":"Les vid\u00e9os qui m\u2019inspirent","author":"Nico Tondeur","date":"22 novembre 2019","format":false,"excerpt":"Voici une liste, non exhaustive, de vid\u00e9os que j'utilise r\u00e9guli\u00e8rement pour moi, ou avec les gens que j'accompagne: Simon Sinek: Why leaders eat last La gestion de produit agile en deux mots: En fran\u00e7ais par Florent Lothon et En VO par Henrik Kniberg Keynote Agile Grenoble 2018 de Franck Rageade:\u2026","rel":"","context":"Article similaire","block_context":{"text":"Article similaire","link":""},"img":{"alt_text":"","src":"","width":0,"height":0},"classes":[]}],"_links":{"self":[{"href":"https:\/\/nicotondeur.fr\/index.php\/wp-json\/wp\/v2\/pages\/125","targetHints":{"allow":["GET"]}}],"collection":[{"href":"https:\/\/nicotondeur.fr\/index.php\/wp-json\/wp\/v2\/pages"}],"about":[{"href":"https:\/\/nicotondeur.fr\/index.php\/wp-json\/wp\/v2\/types\/page"}],"author":[{"embeddable":true,"href":"https:\/\/nicotondeur.fr\/index.php\/wp-json\/wp\/v2\/users\/1"}],"replies":[{"embeddable":true,"href":"https:\/\/nicotondeur.fr\/index.php\/wp-json\/wp\/v2\/comments?post=125"}],"version-history":[{"count":13,"href":"https:\/\/nicotondeur.fr\/index.php\/wp-json\/wp\/v2\/pages\/125\/revisions"}],"predecessor-version":[{"id":910,"href":"https:\/\/nicotondeur.fr\/index.php\/wp-json\/wp\/v2\/pages\/125\/revisions\/910"}],"wp:attachment":[{"href":"https:\/\/nicotondeur.fr\/index.php\/wp-json\/wp\/v2\/media?parent=125"}],"curies":[{"name":"wp","href":"https:\/\/api.w.org\/{rel}","templated":true}]}}